{"id":72,"date":"2017-09-26T16:19:22","date_gmt":"2017-09-26T14:19:22","guid":{"rendered":"http:\/\/www.data-opera.de\/cms\/?page_id=72"},"modified":"2018-05-23T17:02:45","modified_gmt":"2018-05-23T15:02:45","slug":"fahrerkarten","status":"publish","type":"page","link":"https:\/\/www.data-opera.de\/cms\/dienstleistungen\/fahrerkarten\/","title":{"rendered":"Fahrerkarten"},"content":{"rendered":"\t\t<div data-elementor-type=\"wp-post\" data-elementor-id=\"72\" class=\"elementor elementor-72 elementor-bc-flex-widget\" data-elementor-settings=\"[]\">\n\t\t\t\t\t\t<div class=\"elementor-inner\">\n\t\t\t\t\t\t\t<div class=\"elementor-section-wrap\">\n\t\t\t\t\t\t\t<section class=\"elementor-section elementor-top-section elementor-element elementor-element-uaydcnq elementor-section-boxed elementor-section-height-default elementor-section-height-default\" data-id=\"uaydcnq\" data-element_type=\"section\">\n\t\t\t\t\t\t<div class=\"elementor-container elementor-column-gap-default\">\n\t\t\t\t\t\t\t<div class=\"elementor-row\">\n\t\t\t\t\t<div class=\"elementor-column elementor-col-100 elementor-top-column elementor-element elementor-element-mtriysb\" data-id=\"mtriysb\" data-element_type=\"column\">\n\t\t\t<div class=\"elementor-column-wrap elementor-element-populated\">\n\t\t\t\t\t\t\t<div class=\"elementor-widget-wrap\">\n\t\t\t\t\t\t<div class=\"elementor-element elementor-element-uxezoje elementor-widget elementor-widget-text-editor\" data-id=\"uxezoje\" data-element_type=\"widget\" data-widget_type=\"text-editor.default\">\n\t\t\t\t<div class=\"elementor-widget-container\">\n\t\t\t\t\t\t\t\t<div class=\"elementor-text-editor elementor-clearfix\">\n\t\t\t\tDie Fahrerkarte wird auf den F\u00fchrerscheininhaber ausgestellt und dokumentiert seine beruflichen Aktivit\u00e4ten. Sie verbleibt beim Fahrer und wird vor Antritt der Fahrt dem Tachographen zugef\u00fchrt. Der Tachograph zeichnet alle Aktivit\u00e4ten von Anfang an auf. Der Inhaber der Fahrerkarte ist verpflichtet, diese seinem Arbeitgeber sp\u00e4testens alle 28 Tage zum Auslesen zur Verf\u00fcgung zu stellen. Gleichzeitig hat er Anspruch auf eine Kopie des Datensatzes. Abh\u00e4ngig von der Branche, in der der Fahrer t\u00e4tig ist, m\u00fcssen bei der Sicherung, Archivierung und Auswertung unterschiedliche gesetzliche Auflagen erf\u00fcllt werden:\nHandwerker m\u00fcssen unter bestimmten Voraussetzungen aufzeichnen, sichern und archivieren.Fahrer im gewerblichen G\u00fcterkraftverkehr (auch Werkverkehr) m\u00fcssen ab 3,5 to zGM grunds\u00e4tzlich aufzeichnen.Im Personenverkehr gilt die Aufzeichnungspflicht bei mehr als 8 Fahrgastpl\u00e4tzen.\n\nDer Unternehmer muss sichern, archivieren und auswerten.\nDATA OPERA UG (haftungsbeschr\u00e4nkt) bietet registrierten Unternehmen und Fahrern die M\u00f6glichkeit, Fahrerkarten an verkehrsg\u00fcnstig gelegenen Standorten auslesen und sichern zu lassen. Optional besteht f\u00fcr jedes Unternehmen die M\u00f6glichkeit, ein Download-Terminal zum Sichern der Fahrerkarten zu g\u00fcnstigen Konditionen zu erhalten. Die gesicherten Daten werden von unseren Download-Terminals unmittelbar zu unseren Servern \u00fcbertragen und dort doppelt gesichert und archiviert.\nUnsere Leistungen:\nBeratung schon vor der Anschaffung des Fahrzeuges\nAuswahl des Kontrollger\u00e4tes\nSchulung der Mitarbeiter im Umgang mit dem digitalen Kontrollger\u00e4t\nSicherung der Fahrerkartendaten \u00fcber unsere Terminals\nMassenspeicherdownloads aus der Fahrzeugeinheit am Terminalstandort\nAuswertung der Fahreraktivit\u00e4ten gem\u00e4\u00df VO (EU) 561\/2006, Arbeitszeitgesetz\nErstellung von detaillierten Berichten inkl. m\u00f6glicher Bu\u00dfgelder und Belehrungsvordrucke\nBearbeitung von Anh\u00f6rungsb\u00f6gen (keine Rechtsberatung!)\nWenn Sie noch Fragen haben, senden Sie uns eine E-Mail \u00fcber unser <a href=\"http:\/\/www.data-opera.de\/cms\/kontakt\/\">Kontaktformular<\/a>.\n<br>\n<a href=\"http:\/\/www.data-opera.de\/cms\/wp-content\/uploads\/2018\/05\/09.02.01-Fahreranmeldung.pdf\" target=\"_blank\" rel=\"noopener\">Formular Fahreranmeldung<\/a>\n<p class=\"bodytext\"><b>Hier geht es direkt zu unseren weiteren Dienstleistungen:<\/b><\/p>\n\n<ul>\n \t<li><a class=\"internal-link\" title=\"Massenspeicher\" href=\"http:\/\/www.data-opera.de\/cms\/dienstleistungen\/massenspeicher\/\">Massenspeicher<\/a><\/li>\n \t<li><a class=\"internal-link\" title=\"Auswertungen\" href=\"http:\/\/www.data-opera.de\/cms\/dienstleistungen\/auswertungen\/\">Auswertung<\/a><\/li>\n \t<li><a class=\"internal-link\" title=\"Archivierung\" href=\"http:\/\/www.data-opera.de\/cms\/dienstleistungen\/archivierung\/\">Archivierung<\/a><\/li>\n \t<li><a class=\"internal-link\" title=\"Seminare &amp; Schulungen\" href=\"http:\/\/www.data-opera.de\/cms\/dienstleistungen\/seminare-schulungen\/\">Seminare\/Schulungen<\/a><\/li>\n<\/ul>\t\t\t\t\t<\/div>\n\t\t\t\t\t\t<\/div>\n\t\t\t\t<\/div>\n\t\t\t\t\t\t<\/div>\n\t\t\t\t\t<\/div>\n\t\t<\/div>\n\t\t\t\t\t\t\t\t<\/div>\n\t\t\t\t\t<\/div>\n\t\t<\/section>\n\t\t\t\t\t\t<\/div>\n\t\t\t\t\t\t<\/div>\n\t\t\t\t\t<\/div>\n\t\t","protected":false},"excerpt":{"rendered":"<p>Die Fahrerkarte wird auf den F\u00fchrerscheininhaber ausgestellt und dokumentiert seine beruflichen Aktivit\u00e4ten. Sie verbleibt beim Fahrer und wird vor Antritt der Fahrt dem Tachographen zugef\u00fchrt. Der Tachograph zeichnet alle Aktivit\u00e4ten von Anfang an auf. Der Inhaber der Fahrerkarte ist verpflichtet, diese seinem Arbeitgeber sp\u00e4testens alle 28 Tage zum Auslesen zur Verf\u00fcgung zu stellen. Gleichzeitig hat [&hellip;]<\/p>\n","protected":false},"author":1,"featured_media":0,"parent":63,"menu_order":0,"comment_status":"closed","ping_status":"closed","template":"","meta":{"ngg_post_thumbnail":0},"yoast_head":"<!-- This site is optimized with the Yoast SEO plugin v17.7.1 - https:\/\/yoast.com\/wordpress\/plugins\/seo\/ -->\n<meta name=\"robots\" content=\"index, follow, max-snippet:-1, max-image-preview:large, max-video-preview:-1\" \/>\n<link rel=\"canonical\" href=\"https:\/\/www.data-opera.de\/cms\/dienstleistungen\/fahrerkarten\/\" \/>\n<meta property=\"og:locale\" content=\"de_DE\" \/>\n<meta property=\"og:type\" content=\"article\" \/>\n<meta property=\"og:title\" content=\"Fahrerkarten - DATA OPERA UG (haftungsbeschr\u00e4nkt)\" \/>\n<meta property=\"og:description\" content=\"Die Fahrerkarte wird auf den F\u00fchrerscheininhaber ausgestellt und dokumentiert seine beruflichen Aktivit\u00e4ten. Sie verbleibt beim Fahrer und wird vor Antritt der Fahrt dem Tachographen zugef\u00fchrt. Der Tachograph zeichnet alle Aktivit\u00e4ten von Anfang an auf. Der Inhaber der Fahrerkarte ist verpflichtet, diese seinem Arbeitgeber sp\u00e4testens alle 28 Tage zum Auslesen zur Verf\u00fcgung zu stellen. Gleichzeitig hat [&hellip;]\" \/>\n<meta property=\"og:url\" content=\"https:\/\/www.data-opera.de\/cms\/dienstleistungen\/fahrerkarten\/\" \/>\n<meta property=\"og:site_name\" content=\"DATA OPERA UG (haftungsbeschr\u00e4nkt)\" \/>\n<meta property=\"article:modified_time\" content=\"2018-05-23T15:02:45+00:00\" \/>\n<meta name=\"twitter:card\" content=\"summary\" \/>\n<meta name=\"twitter:label1\" content=\"Gesch\u00e4tzte Lesezeit\" \/>\n\t<meta name=\"twitter:data1\" content=\"1\u00a0Minute\" \/>\n<script type=\"application\/ld+json\" class=\"yoast-schema-graph\">{\"@context\":\"https:\/\/schema.org\",\"@graph\":[{\"@type\":\"WebSite\",\"@id\":\"https:\/\/www.data-opera.de\/cms\/#website\",\"url\":\"https:\/\/www.data-opera.de\/cms\/\",\"name\":\"DATA OPERA UG (haftungsbeschr\\u00e4nkt)\",\"description\":\"\",\"potentialAction\":[{\"@type\":\"SearchAction\",\"target\":{\"@type\":\"EntryPoint\",\"urlTemplate\":\"https:\/\/www.data-opera.de\/cms\/?s={search_term_string}\"},\"query-input\":\"required name=search_term_string\"}],\"inLanguage\":\"de\"},{\"@type\":\"WebPage\",\"@id\":\"https:\/\/www.data-opera.de\/cms\/dienstleistungen\/fahrerkarten\/#webpage\",\"url\":\"https:\/\/www.data-opera.de\/cms\/dienstleistungen\/fahrerkarten\/\",\"name\":\"Fahrerkarten - DATA OPERA UG (haftungsbeschr\\u00e4nkt)\",\"isPartOf\":{\"@id\":\"https:\/\/www.data-opera.de\/cms\/#website\"},\"datePublished\":\"2017-09-26T14:19:22+00:00\",\"dateModified\":\"2018-05-23T15:02:45+00:00\",\"breadcrumb\":{\"@id\":\"https:\/\/www.data-opera.de\/cms\/dienstleistungen\/fahrerkarten\/#breadcrumb\"},\"inLanguage\":\"de\",\"potentialAction\":[{\"@type\":\"ReadAction\",\"target\":[\"https:\/\/www.data-opera.de\/cms\/dienstleistungen\/fahrerkarten\/\"]}]},{\"@type\":\"BreadcrumbList\",\"@id\":\"https:\/\/www.data-opera.de\/cms\/dienstleistungen\/fahrerkarten\/#breadcrumb\",\"itemListElement\":[{\"@type\":\"ListItem\",\"position\":1,\"name\":\"Startseite\",\"item\":\"https:\/\/www.data-opera.de\/cms\/\"},{\"@type\":\"ListItem\",\"position\":2,\"name\":\"Dienstleistungen\",\"item\":\"https:\/\/www.data-opera.de\/cms\/dienstleistungen\/\"},{\"@type\":\"ListItem\",\"position\":3,\"name\":\"Fahrerkarten\"}]}]}<\/script>\n<!-- \/ Yoast SEO plugin. -->","yoast_head_json":{"robots":{"index":"index","follow":"follow","max-snippet":"max-snippet:-1","max-image-preview":"max-image-preview:large","max-video-preview":"max-video-preview:-1"},"canonical":"https:\/\/www.data-opera.de\/cms\/dienstleistungen\/fahrerkarten\/","og_locale":"de_DE","og_type":"article","og_title":"Fahrerkarten - DATA OPERA UG (haftungsbeschr\u00e4nkt)","og_description":"Die Fahrerkarte wird auf den F\u00fchrerscheininhaber ausgestellt und dokumentiert seine beruflichen Aktivit\u00e4ten. Sie verbleibt beim Fahrer und wird vor Antritt der Fahrt dem Tachographen zugef\u00fchrt. Der Tachograph zeichnet alle Aktivit\u00e4ten von Anfang an auf. Der Inhaber der Fahrerkarte ist verpflichtet, diese seinem Arbeitgeber sp\u00e4testens alle 28 Tage zum Auslesen zur Verf\u00fcgung zu stellen. Gleichzeitig hat [&hellip;]","og_url":"https:\/\/www.data-opera.de\/cms\/dienstleistungen\/fahrerkarten\/","og_site_name":"DATA OPERA UG (haftungsbeschr\u00e4nkt)","article_modified_time":"2018-05-23T15:02:45+00:00","twitter_card":"summary","twitter_misc":{"Gesch\u00e4tzte Lesezeit":"1\u00a0Minute"},"schema":{"@context":"https:\/\/schema.org","@graph":[{"@type":"WebSite","@id":"https:\/\/www.data-opera.de\/cms\/#website","url":"https:\/\/www.data-opera.de\/cms\/","name":"DATA OPERA UG (haftungsbeschr\u00e4nkt)","description":"","potentialAction":[{"@type":"SearchAction","target":{"@type":"EntryPoint","urlTemplate":"https:\/\/www.data-opera.de\/cms\/?s={search_term_string}"},"query-input":"required name=search_term_string"}],"inLanguage":"de"},{"@type":"WebPage","@id":"https:\/\/www.data-opera.de\/cms\/dienstleistungen\/fahrerkarten\/#webpage","url":"https:\/\/www.data-opera.de\/cms\/dienstleistungen\/fahrerkarten\/","name":"Fahrerkarten - DATA OPERA UG (haftungsbeschr\u00e4nkt)","isPartOf":{"@id":"https:\/\/www.data-opera.de\/cms\/#website"},"datePublished":"2017-09-26T14:19:22+00:00","dateModified":"2018-05-23T15:02:45+00:00","breadcrumb":{"@id":"https:\/\/www.data-opera.de\/cms\/dienstleistungen\/fahrerkarten\/#breadcrumb"},"inLanguage":"de","potentialAction":[{"@type":"ReadAction","target":["https:\/\/www.data-opera.de\/cms\/dienstleistungen\/fahrerkarten\/"]}]},{"@type":"BreadcrumbList","@id":"https:\/\/www.data-opera.de\/cms\/dienstleistungen\/fahrerkarten\/#breadcrumb","itemListElement":[{"@type":"ListItem","position":1,"name":"Startseite","item":"https:\/\/www.data-opera.de\/cms\/"},{"@type":"ListItem","position":2,"name":"Dienstleistungen","item":"https:\/\/www.data-opera.de\/cms\/dienstleistungen\/"},{"@type":"ListItem","position":3,"name":"Fahrerkarten"}]}]}},"_links":{"self":[{"href":"https:\/\/www.data-opera.de\/cms\/wp-json\/wp\/v2\/pages\/72"}],"collection":[{"href":"https:\/\/www.data-opera.de\/cms\/wp-json\/wp\/v2\/pages"}],"about":[{"href":"https:\/\/www.data-opera.de\/cms\/wp-json\/wp\/v2\/types\/page"}],"author":[{"embeddable":true,"href":"https:\/\/www.data-opera.de\/cms\/wp-json\/wp\/v2\/users\/1"}],"replies":[{"embeddable":true,"href":"https:\/\/www.data-opera.de\/cms\/wp-json\/wp\/v2\/comments?post=72"}],"version-history":[{"count":11,"href":"https:\/\/www.data-opera.de\/cms\/wp-json\/wp\/v2\/pages\/72\/revisions"}],"predecessor-version":[{"id":249,"href":"https:\/\/www.data-opera.de\/cms\/wp-json\/wp\/v2\/pages\/72\/revisions\/249"}],"up":[{"embeddable":true,"href":"https:\/\/www.data-opera.de\/cms\/wp-json\/wp\/v2\/pages\/63"}],"wp:attachment":[{"href":"https:\/\/www.data-opera.de\/cms\/wp-json\/wp\/v2\/media?parent=72"}],"curies":[{"name":"wp","href":"https:\/\/api.w.org\/{rel}","templated":true}]}}